{"id":20,"date":"2016-01-07T16:23:49","date_gmt":"2016-01-07T15:23:49","guid":{"rendered":"http:\/\/plewaandhorses.com\/?page_id=20"},"modified":"2016-05-05T16:20:46","modified_gmt":"2016-05-05T14:20:46","slug":"ueber-martin-plewa","status":"publish","type":"page","link":"http:\/\/plewaandhorses.com\/?page_id=20&lang=de","title":{"rendered":"Zur Person"},"content":{"rendered":"<p><img class=\"size-medium wp-image-175 alignright\" src=\"http:\/\/plewaandhorses.com\/wp-content\/uploads\/2016\/01\/m_plewa.jpg\" alt=\"Martin Plewa\" \/>Martin Plewa hat selbst eine sehr umfassende und fundierte Ausbildung erhalten, zun\u00e4chst im heimatlichen Vreden (Westf.), ab 1967 in Warendorf, dort zuerst an der Deutschen Reitschule, ab 1969 am Deutschen Olympiade Komitee f\u00fcr Reiterei, zwischenzeitlich an der Sportschule der Bundeswehr.<\/p>\n<p>Schon fr\u00fchzeitig hat er aktiv in allen reiterlichen Disziplinen theoretisch und praktisch Unterricht erteilt, soweit es seine Zeit neben Studium und Beruf zulie\u00df. Seine gute reiterliche Vorbildung verkn\u00fcpft mit seiner p\u00e4dagogischen Ausbildung halfen ihm, wertvollen und erfolgreichen Unterricht zu gestalten.<\/p>\n<p>Hinzu kommt, dass er in vielen verschiedenen Gremien beim DSB, NOK, FN, Landesverband u.a. vertreten war und dort einerseits seine Fachmeinung einbringen konnte, aber im Gegenzug auch wichtige Erfahrungen gesammelt hat f\u00fcr seine T\u00e4tigkeiten im Pferdesport. Hierdurch ist er zu einem sehr umfangreichen, vielseitigen und globalem hippologischen Knowhow gelangt.<\/p>\n<h6>Wesentliche Stationen:<\/h6>\n<p>Aktive reiterliche Zeit im Turniersport <strong>1957 bis 1984<\/strong>. Ausbilder u.a. Major a.D. Wilhelm Plewa, Major a.D. Max Habel, Major a.D. Paul Stecken, General a.D. Albert Stecken, Oberst a.D. Hans Winkel, Oberst a.D. Hans-Heinrich Brinkmann, Hauptsattelmeister Erich Philipp u.v.a.m.<\/p>\n<p><strong>1964 \u2013 1968<\/strong> Teilnahme an Deutschen Juniorenmeisterschaften in allen Disziplinen, dabei zwei Bronzemedaillen (Dressur und Springen); ab <strong>1969 <\/strong>Schwerpunkt Vielseitigkeit; Teilnahme an mehreren DM, zwei EM und zwei WM.<\/p>\n<p>Nach Lehramtsstudium 8-j\u00e4hrige T\u00e4tigkeit als Lehrkraft und in der Schulverwaltung am Jugenddorf- Christophorus-Gymnasium in Versmold.<\/p>\n<p>Landestrainer Vielseitigkeit in Westfalen <strong>1971 \u2013 1976<\/strong>.<\/p>\n<p><strong>1977 <\/strong>Erwerb des Goldenen Reitabzeichens;<\/p>\n<p><strong>1980 <\/strong>Pr\u00fcfung zum Pferdewirtschaftsmeister.<\/p>\n<p>Viele Jahre Dozent an der Deutschen Reitschule (Theorie und Praxis Springen, Theorie Vielseitigkeit und Trainingslehre).<\/p>\n<p>Ab <strong>1985 bis Mai 2001<\/strong> leitender Bundestrainer Vielseitigkeit mit Medaillengewinnen (einschl. Olympiasieg 1988) auf mehreren Olympischen Spielen, Welt- und Europameisterschaften.<\/p>\n<p><strong>2001<\/strong> Verleihung Deutsches Reiterkreuz in Gold<\/p>\n<p><strong>2006<\/strong> Verleihung des Titels \u201eReitmeister\u201c<\/p>\n<p><strong>Juni 2001 bis Oktober 2014<\/strong> Leiter der Westf\u00e4lischen Reit- und Fahrschule in M\u00fcnster<\/p>\n<p>Ab <strong>2009 bis 2016<\/strong> p\u00e4dagogischer Leiter der Au\u00dfenstelle Pferdesport Westfalen des LSB-Sportbildungswerkes in NRW.<\/p>\n<p>Seit <strong>2009<\/strong> Dozent an der Hochschule f\u00fcr Wirtschaft und Umwelt, Fachbereich Pferdewirtschaft in N\u00fcrtingen<\/p>\n","protected":false},"excerpt":{"rendered":"<p>Martin Plewa hat selbst eine sehr umfassende und fundierte Ausbildung erhalten, zun\u00e4chst im heimatlichen Vreden (Westf.), ab 1967 in Warendorf, dort zuerst an der Deutschen Reitschule, ab 1969 am Deutschen Olympiade Komitee f\u00fcr Reiterei, zwischenzeitlich an der Sportschule der Bundeswehr.<a class=\"more-link\" href=\"http:\/\/plewaandhorses.com\/?page_id=20&#038;lang=de\"><span>Weiter<\/span><\/a><\/p>\n","protected":false},"author":1,"featured_media":0,"parent":0,"menu_order":5,"comment_status":"closed","ping_status":"closed","template":"","meta":[],"_links":{"self":[{"href":"http:\/\/plewaandhorses.com\/index.php?rest_route=\/wp\/v2\/pages\/20"}],"collection":[{"href":"http:\/\/plewaandhorses.com\/index.php?rest_route=\/wp\/v2\/pages"}],"about":[{"href":"http:\/\/plewaandhorses.com\/index.php?rest_route=\/wp\/v2\/types\/page"}],"author":[{"embeddable":true,"href":"http:\/\/plewaandhorses.com\/index.php?rest_route=\/wp\/v2\/users\/1"}],"replies":[{"embeddable":true,"href":"http:\/\/plewaandhorses.com\/index.php?rest_route=%2Fwp%2Fv2%2Fcomments&post=20"}],"version-history":[{"count":18,"href":"http:\/\/plewaandhorses.com\/index.php?rest_route=\/wp\/v2\/pages\/20\/revisions"}],"predecessor-version":[{"id":700,"href":"http:\/\/plewaandhorses.com\/index.php?rest_route=\/wp\/v2\/pages\/20\/revisions\/700"}],"wp:attachment":[{"href":"http:\/\/plewaandhorses.com\/index.php?rest_route=%2Fwp%2Fv2%2Fmedia&parent=20"}],"curies":[{"name":"wp","href":"https:\/\/api.w.org\/{rel}","templated":true}]}}