{"id":905,"date":"2020-07-24T14:08:57","date_gmt":"2020-07-24T12:08:57","guid":{"rendered":"http:\/\/plewaandhorses.com\/?page_id=905"},"modified":"2020-09-26T17:37:02","modified_gmt":"2020-09-26T15:37:02","slug":"online-seminare","status":"publish","type":"page","link":"http:\/\/plewaandhorses.com\/?page_id=905&lang=de","title":{"rendered":"Online-Seminare"},"content":{"rendered":"\n<div class=\"wp-block-image\"><figure class=\"alignright size-large\"><img loading=\"lazy\" width=\"232\" height=\"547\" src=\"http:\/\/plewaandhorses.com\/wp-content\/uploads\/2020\/07\/mp_online_seminar.jpg\" alt=\"\" class=\"wp-image-915\" srcset=\"http:\/\/plewaandhorses.com\/wp-content\/uploads\/2020\/07\/mp_online_seminar.jpg 232w, http:\/\/plewaandhorses.com\/wp-content\/uploads\/2020\/07\/mp_online_seminar-127x300.jpg 127w\" sizes=\"(max-width: 232px) 100vw, 232px\" \/><\/figure><\/div>\n\n\n\n<div class=\"wp-block-group\"><div class=\"wp-block-group__inner-container\">\n<p>Der Bedarf an Fachinformationen zu den Themen der Ausbildung von Reitern und Pferden, zum Umgang mit Pferden, zum Tierschutz oder zu allgemeinen breiten- oder leistungssportlichen Fragen erfordert auch neue Wege der Vermittlung, auch unter Nutzung aktueller Medien. Hierzu werden in Zukunft auch Online-Seminare von Martin Plewa in regelm\u00e4\u00dfigen zeitlichen Abst\u00e4nden angeboten zu fast allen Themen, die bereits im Seminarangebot aufgef\u00fchrt sind. Auch ist er gerne bereit, auf Wunsch weitere Themen aufzugreifen, die von der Zuh\u00f6rerschaft vorgeschlagen werden.<\/p>\n<\/div><\/div>\n\n\n\n<p><a href=\"http:\/\/plewaandhorses.com\/?page_id=988&amp;lang=de\">>> Informieren Sie sich hier \u00fcber aktuelle Termine f\u00fcr Online-Seminare.<\/a><\/p>\n\n\n\n<p>Weiter ist geplant, in einem zweiten Schritt webbasierte Trainings- und Ausbildungsunterst\u00fctzung anzubieten. Eingesandte Filme \/ Filmausschnitte dienen dann als Grundlage f\u00fcr eine umfassende fachliche Analyse und Beurteilung.<\/p>\n\n\n\n<p>N\u00e4heres wird im <a href=\"http:\/\/plewaandhorses.com\/?page_id=861&amp;lang=de\">Newsletter<\/a> erl\u00e4utert, der ab sofort \u00fcber diese Internetseite angefordert werden kann.<\/p>\n","protected":false},"excerpt":{"rendered":"<p>>> Informieren Sie sich hier \u00fcber aktuelle Termine f\u00fcr Online-Seminare. Weiter ist geplant, in einem zweiten Schritt webbasierte Trainings- und Ausbildungsunterst\u00fctzung anzubieten. Eingesandte Filme \/ Filmausschnitte dienen dann als Grundlage f\u00fcr eine umfassende fachliche Analyse und Beurteilung. N\u00e4heres wird im<a class=\"more-link\" href=\"http:\/\/plewaandhorses.com\/?page_id=905&#038;lang=de\"><span>Weiter<\/span><\/a><\/p>\n","protected":false},"author":2,"featured_media":0,"parent":0,"menu_order":0,"comment_status":"closed","ping_status":"closed","template":"","meta":[],"_links":{"self":[{"href":"http:\/\/plewaandhorses.com\/index.php?rest_route=\/wp\/v2\/pages\/905"}],"collection":[{"href":"http:\/\/plewaandhorses.com\/index.php?rest_route=\/wp\/v2\/pages"}],"about":[{"href":"http:\/\/plewaandhorses.com\/index.php?rest_route=\/wp\/v2\/types\/page"}],"author":[{"embeddable":true,"href":"http:\/\/plewaandhorses.com\/index.php?rest_route=\/wp\/v2\/users\/2"}],"replies":[{"embeddable":true,"href":"http:\/\/plewaandhorses.com\/index.php?rest_route=%2Fwp%2Fv2%2Fcomments&post=905"}],"version-history":[{"count":7,"href":"http:\/\/plewaandhorses.com\/index.php?rest_route=\/wp\/v2\/pages\/905\/revisions"}],"predecessor-version":[{"id":1491,"href":"http:\/\/plewaandhorses.com\/index.php?rest_route=\/wp\/v2\/pages\/905\/revisions\/1491"}],"wp:attachment":[{"href":"http:\/\/plewaandhorses.com\/index.php?rest_route=%2Fwp%2Fv2%2Fmedia&parent=905"}],"curies":[{"name":"wp","href":"https:\/\/api.w.org\/{rel}","templated":true}]}}